24 - 19*j**3/3 + 83*j**2. Determine v(-15).
-8
Let y(s) = -1429*s**3 + 10*s**2 + 2861*s**3 - 1433*s**3 + 14*s + 2. What is y(11)?
35
Let o be (-3 - -4) + 8*1/2. Suppose 0 = -o*c + 245 - 280. Let q(z) = -3*z - 6. Determine q(c).
15
Let q = 2404 - 2414. Let n(d) = 3*d + 21. Give n(q).
-9
Suppose 396*k = 391*k + 20. Let a(v) = -16*v + k + 6 + 19*v - 7. Calculate a(-3).
-6
Let a(v) = 24*v**2 - 49*v + 3. Let n(k) = k**2 - 3*k - 1. Let c(q) = a(q) - 5*n(q). Let m(w) = -5*w**2 + 8*w - 2. Let o(u) = 2*c(u) + 9*m(u). Determine o(2).
-22
Let x(g) = 4*g**3 - 3*g**2 - 1. Let d(k) = -5 - k - 3*k**2 + 4 - 11*k**3 + 16*k**3. Let n(i) = 2*d(i) - 3*x(i). Let f be n(2). Let m(w) = w + 2. Determine m(f).
-5
Suppose 17 = -7*t - 11. Let q(v) be the second derivative of v**6/240 + v**5/20 - 11*v**4/12 - 13*v. Let a(m) be the third derivative of q(m). Calculate a(t).
-6
Let p(r) = -7 - 2029*r - 8 + 2026*r. Determine p(9).
-42
Let o(x) = x**2 - 13*x + 2. Let t be o(17). Let y = t + -76. Let h(p) = -p**2 - p. Let c(v) = -v**2 + 2*v - 8. Let n(g) = -c(g) + 2*h(g). Give n(y).
-4
Let p(b) = b**2 + 5*b - 31. Let r(l) = l**3 + 3*l**2 + 155*l + 627. Let f be r(-4). Calculate p(f).
5
Let b be -2*(2/4 - (-24)/(-6)). Let d(v) = -5*v - 36. Let w(h) = 3*h + 29. Let s(u) = -2*d(u) - 3*w(u). Determine s(b).
-8
Let v(z) = 10*z + 6*z**2 + 10*z**2 + 17501*z**3 + 2*z - 17499*z**3 - 2*z**2 + 7. Give v(-6).
7
Let d(z) = -z**2 + 3*z + 77. Let y be d(-7). Let x(v) = y - 4*v - 4*v + v + 2*v**2 - 3*v**2. Give x(-7).
7
Let c(m) = -m**3 + 21*m**2 - m + 25. Suppose 38*d = 681 + 117. Let l be c(d). Let q(t) = -t. Let s(p) = 4*p - 3. Let v(w) = -3*q(w) - s(w). Determine v(l).
-1
Let h(c) = -941*c - 3751. Let q be h(-4). Let z(p) = 14*p - 174. What is z(q)?
8
Let p(s) = 3*s**3 - 4*s**2 - 17*s - 13. Let y(j) = 7*j**3 - 7*j**2 - 36*j - 26. Let g(l) = -9*p(l) + 4*y(l). What is g(-6)?
31
Suppose -5*q + 3 = 13. Let u(l) be the third derivative of -l**6/60 + l**5/15 + l**4/12 - l**3/6 + 251*l**2. Calculate u(q).
27
Let l be -2 - (72/(-60))/((-2)/(-10)). Suppose -4*k + l*u - 28 = k, -u - 35 = 4*k. Let j(h) = h**2 + 9*h + 1. Give j(k).
-7
Suppose 229 = 127*l - 152. Let b(x) = -6*x**2 + 2*x - 3. Let c(u) = u**2 + 1. Let n = -10 - -5. Let p(v) = n*c(v) - b(v). What is p(l)?
1
Let i(u) be the first derivative of u**3/3 - 9*u**2/2 - 22*u + 81. Calculate i(10).
-12
Let n be -4 - (((-69)/(-90))/(2/(-25)) - -5). Let g(o) be the second derivative of 0 + n*o**4 + 1/20*o**5 - 1/6*o**3 - 4*o**2 - 2*o. Determine g(-7).
-1
Let t(y) be the third derivative of -y**4/12 + y**3/6 + y**2 + 93. Let z(g) = -g**3 - 7*g**2 - 6*g - 3. Let f be z(-6). Give t(f).
7
Let l(y) = -y**3 - 5*y**2 + 12*y + 37. Let i(g) = -g**3 + 3*g**2 + 16*g + 6. Let x be i(6). Determine l(x).
1
Suppose 21 = 4*h + 3*t, -h - 4*t = h - 18. Let v(w) = 54 + h*w - 5*w - 66 + w - w. Calculate v(-7).
2
Suppose -9 + 33 = 12*g. Let a(i) = -i + 1 + i**2 - g*i**2 + 2*i. Suppose -t + 5 = 9. Give a(t).
-19
Let d(c) = 48*c**2 + 44. Let i(t) = 5*t**2 + 5. Let r(y) = -2*d(y) + 19*i(y). Suppose 0*n = -3*n. Calculate r(n).
7
Let g(x) = 6 - 4631566*x + 2 + 18 + 4631589*x. Give g(-2).
-20
Let l(y) be the third derivative of y**6/720 - y**5/24 + 29*y**4/8 - 20*y**2. Let h(w) be the second derivative of l(w). Calculate h(12).
7
Let l(j) = 2*j. Let y be l(-1). Let r(f) = -93562*f + 187139*f - 93575*f. What is r(y)?
-4
Suppose 3*w + 6 = 0, -5*y - 4*w + 2 = -0*w. Let x(s) = 5 + s - 1 - y. Let i be (3 + -2)*2*(-45)/(-30). Determine x(i).
5
Let t(m) = 138 + 27*m - 76*m - 47 + 22*m + 22*m. Give t(14).
21
Let r(v) = -v**2 - 6*v. Let u(x) = -x**2 - 8*x + 3. Let b be u(-9). Let m be r(b). Let t(n) = n**2 + 48. Determine t(m).
48
Let t(u) = -29*u + 145. Suppose -291 = -73*m - 6 + 80. What is t(m)?
0
Let m(g) = g**2 - 25*g + 56. Let h(j) = j**2 - 28*j + 54. Let i(t) = -2*h(t) + 3*m(t). Calculate i(14).
-10
Let r = -4 + -7. Let g(s) = 13 + 6*s - 918*s**3 + 2764*s**3 + 12*s**2 - 926*s**3 - 919*s**3 + 5*s. What is g(r)?
13
Let w be 0 + 3 + 10 + (-20)/(-5). Suppose -2*m - r = -w, 27 = 6*m - 3*m + 3*r. Let c(g) = 2*g - 8. Determine c(m).
8
Let z(c) = 46*c + 21*c - 49*c + c**2 + 21. Determine z(-17).
4
Let s(x) be the first derivative of 27*x**4/4 - 2*x**3/3 + x**2/2 + 6. Let r be (4*3/120)/(21/210). What is s(r)?
26
Let a(f) = 13*f + 26. Let m(p) = 15*p + 6. Let i(n) = 10*n + 3. Let o(t) = 7*i(t) - 5*m(t). Let b(j) = -3*a(j) - 8*o(j). Determine b(0).
-6
Let t be ((-19)/3 - -7)/((-1)/63). Let b = 69 + t. Let z(r) = r**2 - 13 + b - 18. Give z(-3).
5
Suppose -4*b = -6 + 30. Let s(f) = -4*f**2 - 41*f - 33. Let g = 74 - 83. Let x(a) = a**2 + 10*a + 8. Let w(n) = g*x(n) - 2*s(n). What is w(b)?
6
Let r(f) = 17*f - 1. Let h(v) = v**3 - 9*v**2 - 10*v + 3. Let m be h(10). Suppose m*s + 49 = -29. Let x = -25 - s. Determine r(x).
16
Let q = 11084 - 11089. Let b(a) be the third derivative of 0*a**3 + 1/120*a**6 + 0 - a**2 + 0*a + 1/4*a**4 + 1/10*a**5. Calculate b(q).
-5
Let k(u) = -6*u**2 + 24*u + 16. Suppose -209 - 381 = -109*y - 45. What is k(y)?
-14
Let f(k) = k**3 - 3*k**2 - 3. Let g = -36 - -38. Suppose 2*d = -10, -4*y + 5*d = 13 + g. Let r(t) = -4*t - 37. Let v be r(y). What is f(v)?
-3
Suppose 271*l - 50 = 273*l - 3*c, -5*l - 111 = -4*c. Let r(s) = 27*s + 508. Calculate r(l).
-5
Let t be (2/(-4))/(7/126*3). Let f(p) = -p**3 + 1. Let s(d) = -6*d**3 - 3*d**2 - 3*d + 1. Let o(q) = 5*f(q) - s(q). Determine o(t).
-5
Let k(s) = -s**2 - 59*s - 58. Let j be k(-58). Let w(o) be the second derivative of o**4/12 + o**3/6 + 7*o**2/2 + 4*o. What is w(j)?
7
Let j(o) = 4*o - 10. Let z(p) = -5*p + 10. Let h(l) = -6*j(l) - 5*z(l). Let u be 4/(-36) - (1742/117 + -7). Calculate h(u).
2
Let y = -480639/20 + 24032. Let v(i) be the second derivative of 0 + 9/2*i**2 + 0*i**3 + 25*i + y*i**5 + 0*i**4. Calculate v(0).
9
Let w(v) be the second derivative of 1 + 0*v**2 - 10*v + 1/6*v**3. Calculate w(1).
1
Let c(x) = x + 22. Let j be c(-18). Suppose -34*g + 32*g = -j. Let f(k) = 6 + 12 - 8 + g*k. Give f(-9).
-8
Let f(y) be the second derivative of y**5/20 - y**4/2 - 5*y**3/3 + 3*y**2 - y + 3444. Determine f(7).
-15
Let h(n) be the second derivative of n**4/12 - 4*n**3/3 - n**2 - 34598*n. Let w = 20 + -12. What is h(w)?
-2
Let u(p) = -p**3 + 5*p**2 + p - 4. Let j(k) = k**2 - 2*k - 36. Let y be j(-16). Suppose y = -c + 256. Calculate u(c).
16
Let y = -5799 - -5793. Let l(n) = n**3 + 5*n**2 + n + 26. What is l(y)?
-16
Let m(w) = 19*w - 2. Let v(f) = -17*f + 1. Let d(i) = 2*m(i) + 3*v(i). Determine d(3).
-40
Let z(c) = -36*c**3 + 2*c**2 + 6*c - 13. Let l(n) = 6*n**3 - n**3 - n**2 + 0 + 4*n**2 + 1 - 4*n**2. Let s(o) = 7*l(o) + z(o). Determine s(-6).
-6
Let y = 26624 - 26637. Let r(s) = 8*s + 93. Determine r(y).
-11
Let m = 14 - 20. Let w(s) be the second derivative of -s**5/20 - s**4/3 + 3*s**3/2 + s**2/2 + 6800*s. Calculate w(m).
19
Let d(b) = -8*b + 7. Suppose 2*z - 17 + 25 = q, -z + 14 = 4*q. Calculate d(z).
23
Let t(p) = -12*p**2 + 8*p - 14. Let i(w) = -26*w**2 + 16*w - 33. Let g(v) = -5*i(v) + 11*t(v). Calculate g(5).
1
Let d(j) = j + 2. Let f(q) = 2*q**2 - 30*q - 96. Let r be f(18). Calculate d(r).
14
Let b(u) = u**3 + 7*u**2 - 2*u - 9. Let z = 260 - 244. Let y(o) = o**3 + o. Let x be y(1). Suppose -x*l = -d + z, 5*d = -l + 3 - 0. Determine b(l).
5
Let s(p) = p**2 + 3*p - 3. Let z = -2286 + 2275. Calculate s(z).
85
Let k(s) = s**3 + 11*s**2 - 14*s - 1. Let w be k(-12). Suppose 0 = 2*t - w + 17. Let d(m) = -8*m + 0 + 4*m**2 - 6 - t*m**2 + 11. Give d(6).
-7
Suppose 0*v - 6 = -v. Suppose 13*h - 4*h = 108. Let a(w) = h + w + 2 - 24. Determine a(v).
-4
Let x = 10221 + -10228. Let b(d) = 3*d**2 + 19*d - 14. Calculate b(x).
0
Let q = -283 - -288. Let z(d) = -q*d + 3 - d + 4*d + d. Calculate z(-7).
10
Let b(i) = 4*i**2 - 13*i - 2. Let a(w) = w**2 - 2*w - 1. Let z(q) = -3*a(q) + b(q). Suppose 0 = 5*p - 7 - 33. Calculate z(p).
9
Suppose -28 = 4*r + 3*f, 27*f - 25*f = 3*r + 38. Let t(n) = -2*n**2 - 16*n + 19. Calculate t(r).
-21
Let a(s) = 24*s**2 - 5*s - 2. Let l(y) = -59*y**2 + 11*y + 5. Let x(r) = 5*a(r) + 2*l(r). Calculate x(-6).
90
Suppose -i - 3*i = 24. Let j(z) = z**2 + 5*z - 5. Let r(x) = x - 1. Let k(n) = i*r(n) + j(n). Let l = -75357 + 75359. What is k(l)?
3
Let t(c) = -7 - c**3 - c - 6*c**2 + 1 + 0*c**3 - 6*c. Suppo